 x.
3, 5, 7
Let g(s) = 7*s**2 + 336*s - 336. List the prime factors of g(-85).
7, 19, 163
Let f(v) = v**3 - 7*v**2 + 13*v - 156. Let h be f(8). Suppose 4*t - 20 = -4*q, 5*t - 2*q + 2 = -8. Suppose t*m + 96 = h*m. What are the prime factors of m?
2
Suppose -b + 9 = 5*r, 4*b = -r - 3*r + 20. Suppose -12 = g - b*g. Suppose -218 = -n + s - 5*s, -194 = -n + g*s. What are the prime factors of n?
2, 103
Let p(j) = 117*j - 202. Let h be p(18). Suppose 15*v - h = -149. List the prime factors of v.
3, 13
Let i = 15 + -12. Suppose -78 = -i*j + x, 5*j = 2*x + 108 + 23. Suppose 20*a + 465 = j*a. What are the prime factors of a?
3, 31
Suppose -5*c - 27038 = -4*z, 7*z - c = 3*z + 27030. Suppose -26*l - 1479 = -z. List the prime factors of l.
7, 29
Suppose 9 + 1 = -5*t. Let j be -3 + (4 - 3 - t) - -32. Suppose j*z - 20 = 30*z. What are the prime factors of z?
2, 5
Let o be (4/(8/21))/((-3)/(-102)). Let g = 665 - o. List the prime factors of g.
2, 7, 11
Let f be 4/6*(5 - (-6 + 8)). Let b(k) = 75*k + 4*k**2 - f + 0*k**2 - 66*k. What are the prime factors of b(6)?
2, 7
Suppose -2*c - 3 = -4*r + 5, 0 = -3*c - 3*r + 33. Suppose -2 = c*z + 16. What are the prime factors of 4*(106/4 + z)?
2, 47
Let h(u) = u**2 + u + 4. Let v(k) be the second derivative of -k**4/6 - 5*k**3/3 - k**2 + 23*k. Let r be v(-4). What are the prime factors of h(r)?
2, 23
Let n(p) = -p**2 + 13*p + 7. Suppose f = k + 13, -8 = -2*f - 2*k + 18. Let c be 2/f + (-228)/(-39). List the prime factors of n(c).
7
Let w(i) = -i**3 - 11*i**2 - 20*i + 11. Let q be w(-10). List the prime factors of -6*(8 - q) - (1 + 1).
2, 7, 11
Let j = 499 + -506. Let w(b) = 19*b**2 + 17*b + 20. List the prime factors of w(j).
2, 13
Let b = 2392 + 16294. What are the prime factors of b?
2, 9343
Let g = 92 - 35. Let x = 32 + g. List the prime factors of x.
89
Let p(y) = -3*y**3 + y. Let k be p(-1). Let r(u) = 0 + u**k + 9*u + 3 + 7*u**2 - u**3. List the prime factors of r(9).
3
Let c = 28678 + -8707. List the prime factors of c.
3, 7, 317
Let q be -4 - -1 - -4 - -2. Suppose -5*x - v + q = -22, -3*x + v + 7 = 0. What are the prime factors of x + (1 - 5) + 70?
2, 5, 7
Suppose 10*k - 703 - 107798 - 253269 = 0. List the prime factors of k.
3, 31, 389
Let p(z) = -z**2 - z - 1. Let y(c) = -10*c**2 + c + 2. Let a(r) = 6*p(r) - y(r). Let v be ((-8 - -2)/1)/(-2 - -1). What are the prime factors of a(v)?
2, 47
Suppose 851 = 6*i - 763. Let q = i - 197. List the prime factors of q.
2, 3
Suppose -2*n + 1 = -9, 5 = 5*w - 4*n. Let h be (2/w)/(16/80). Suppose 0 = -2*g - 4*r + 448, -4*g - 75 = h*r - 947. What are the prime factors of g?
2, 3
Let z be (0 - -4) + -1 + 2. Let m be -4 + -1 + z + -496. List the prime factors of m/(-12) - 2/6.
41
Suppose 2*z = 53 + 15. Let t = 39 - z. Suppose -5*j + 70 = t*v, -55 = j - 5*j - 5*v. What are the prime factors of j?
3, 5
What are the prime factors of (80/24 - 4)/(4/(-146082))?
97, 251
Let w be 15 - (3 + 9/(-3)). Suppose 10*z - w*z - 2*y + 2517 = 0, 5*y - 1495 = -3*z. List the prime factors of z.
5, 101
List the prime factors of 49/((-539)/132) + 36069.
3, 7, 17, 101
Suppose 65 = -975*g + 962*g. Let s(c) = -3*c + 1 + 5 - 3 + 0. List the prime factors of s(g).
2, 3
Suppose 0 = 3*f - 4*g - 1415 - 31386, f - 4*g = 10915. What are the prime factors of f?
31, 353
Let f be 14/(-35) + 8/20. Let i = f + 76. What are the prime factors of i?
2, 19
Let c be (-7)/(105/10)*-3*8. Suppose 609 = 2*x - 3*d, 0 = -4*d + c - 4. Suppose -17*y = -20*y + x. What are the prime factors of y?
103
Let d = 8565 + 11511. What are the prime factors of d?
2, 3, 7, 239
Let a be ((-1)/5 + 2304/120)*9. Suppose 173*h - a*h = 3570. What are the prime factors of h?
3, 5, 7, 17
Let f be 2/9 - (-6298)/9. Suppose -3*x + 137 = -f. What are the prime factors of x?
3, 31
Suppose 3*b - 40 + 1 = 0. Let j(v) = v - 2*v - b + 5 + 18. What are the prime factors of j(-2)?
2, 3
Suppose -10 = -6*j + 11*j. Let u be j/(-6) + (-380)/15. What are the prime factors of 1 + (20/u)/(4/(-270))?
5, 11
Let z(b) be the second derivative of 17*b**4/3 + b**3/6 + b**2/2 - 15*b. Let g be z(-2). Suppose 0 = -4*d + g + 73. List the prime factors of d.
2, 43
Suppose -18*v + 4*v = -91*v + 49126. What are the prime factors of v?
2, 11, 29
Suppose 21*z + 240 = 37*z. Suppose -z*x = -6427 - 3293. What are the prime factors of x?
2, 3
Suppose 0 = -3*v + d + 735, 15 = -9*d + 4*d. Let j be (0 + 0)*8/16. Suppose j = -4*r + 6*r - v. What are the prime factors of r?
2, 61
Let b(m) = -120*m**3 - 3*m**2 + 2*m + 8. Let d(s) = -s**3 - s - 1. Let k(z) = b(z) + 4*d(z). List the prime factors of k(-2).
2, 13, 19
Suppose 3*l = 10*l + 112. Let z(f) = -f**2 + 3*f + 3. Let r be z(3). List the prime factors of l*(4 - r - 3).
2
Let r = -525 + 1835. What are the prime factors of r?
2, 5, 131
Let u(q) = 813*q + 707. List the prime factors of u(3).
2, 11, 13
Let o = 24463 + -15077. List the prime factors of o.
2, 13, 19
Let w = 461 + 10573. What are the prime factors of w?
2, 3, 613
Let x be 249*(-6)/(-18) + 2/(-2). Suppose -x*n + 80*n + 632 = 0. List the prime factors of n.
2, 79
Let u = -110 - -5531. List the prime factors of u.
3, 13, 139
What are the prime factors of (0 + 63/(-36))/(15/(-403260))?
7, 11, 13, 47
Let i(y) be the second derivative of y**5/20 - y**4 + 11*y**3/6 + 8*y**2 - 29*y. Let h be i(11). Suppose -33*o - h = -34*o. What are the prime factors of o?
2
Suppose z - 22*z = 26*z - 187107. What are the prime factors of z?
3, 1327
Let n be (-13478)/9 + (-28)/63. Let c = -1011 - n. List the prime factors of c.
487
Suppose -5*c = 2*m - 73, 4*c = -0*c + 3*m + 63. Let d be 2 + -3 + c + 0. Let j = 106 + d. List the prime factors of j.
2, 3, 5
List the prime factors of ((-102)/(13 + -30))/(5 - -1) - -29791.
2, 7, 19
Suppose 0 = -2*u + 3*t - 59, -2*t + t - 17 = u. List the prime factors of 1 + 540 + 110/u.
2, 67
Let o(c) = c**3 + 2*c**2 - c - 1. Let w be o(0). What are the prime factors of 8 + -7 + w - (-732)/1?
2, 3, 61
Let y(f) = -f**2 - 47*f + 106. Let k be y(-50). Let h = k - -445. What are the prime factors of h?
401
Let f = -464 - -467. Suppose -3*o = 4*b - 6*o - 3171, -f*b - 4*o = -2372. What are the prime factors of b?
2, 3, 11
Let d be (-330 - -3)/((-12)/(-40)). Let r = 134 - d. List the prime factors of r.
2, 3, 17
List the prime factors of 20/(-55) + (-10)/110*-542183.
23, 2143
Let u = 12557 - 1432. What are the prime factors of u?
5, 89
Suppose -3*u - 5*s + 55379 + 42866 = 0, -4*u + 131068 = -4*s. List the prime factors of u.
2, 3, 5, 7, 13
Suppose 4*d + 3*z - 3583 = 0, -7*d + 3*d + 4*z = -3548. Suppose d = y + 270. What are the prime factors of y?
2, 311
Let u be 1 + (-32)/(-10) + 2/(-10). Suppose 0 = v - u*v - 4*h + 203, 2*v - 136 = -2*h. Let z = 76 - v. List the prime factors of z.
7
Let r(y) be the second derivative of -y**5/20 - 5*y**4/12 - 2*y**3/3 + 3*y**2/2 + 16*y. Let j be r(-5). Let z = j - 15. List the prime factors of z.
2
Let t be (-6)/10 - (-207)/45. Suppose 6*w - 10 = 8. Suppose l = -5*y - w*l + 257, t*y + 4*l = 204. List the prime factors of y.
53
Suppose 0 = o + 4 - 3. Let p(j) = 2*j**2 + 80*j**2 - 856 - 4*j + 851. What are the prime factors of p(o)?
3
Suppose -2*c = 2*w - 16, -5*c + 5*w - 5 = -25. List the prime factors of (99 - -148) + (c/2 - -1).
251
Suppose -3*n - 6*r + 23856 = -7*r, 0 = -r - 6. What are the prime factors of n?
2, 3, 5, 53
Let s = 35 - 2. Let r be (-6)/s + (-228)/(-44) + -2. Suppose 5*f + 114 = 3*w, r*w - 175 = -w - f. List the prime factors of w.
43
Let d(s) = 2530*s**2 + 10*s - 11. Let m be d(1). Suppose 8*z - m = 447. List the prime factors of z.
2, 3, 31
Let f(o) = o**2 + 9*o + 7. Suppose -2*n - m + 0*m + 26 = 0, 0 = 5*n + 5*m - 75. List the prime factors of f(n).
227
Let d(f) = 17*f - 2. Let i be d(-11). Let h = 234 + i. What are the prime factors of h?
3, 5
Let b(g) = -g**3 + 18*g**2 - 23*g + 81. Let m be b(17). What are the prime factors of (-12)/(-3) - 2184/m?
2, 3
Suppose 9 = -4*l + 6*l + r, -2*r = l. Suppose 0 = l*h - 1611 - 1473. List the prime factors of h.
2, 257
Suppose 10 = 2*l, -4*z + 5*z - 3*l = -13. Let y(i) = -19*i - 11 + 27*i**2 - 2*i**z - 3*i**3 + i**2 + 2*i**3. List the prime factors of y(25).
139
Let d(w) be the second derivative of -2*w - 11*w**2 + 0 + 13/6*w**3. What are the prime factors of d(10)?
2, 3
Suppose